lse
Suppose 6*x - v = 11*x - 1254, 0 = -v - 1. Is x a composite number?
False
Let m(r) = -77*r - 65. Is m(-8) a composite number?
True
Let d(s) = s**3 + s**2 - s + 2. Let k be d(2). Is k + -16 - -1*1755 prime?
False
Let j = -36 - -105. Suppose 0 = -4*m + j + 1103. Is m prime?
True
Let q = -542 + 1129. Is q composite?
False
Suppose -66*c + 74*c = 13688. Is c prime?
False
Suppose 23104 = 4*m - 4*o, 3*m - 5764 = 2*m - 3*o. Is m prime?
False
Let j be 19*4/8 + (-2)/4. Suppose -3*o - j = -1968. Is o prime?
True
Suppose 0 = 5*m - 4*b - 168076, 2*m - 2*b = b + 67229. Let c = m + -49049. Is c/(-33) - 2/3 composite?
False
Let n = -13 + 13. Suppose n*c - 4*c + 32 = 0. Is ((-4)/c)/((-4)/120) a prime number?
False
Let t(k) = 22*k**2 + 3*k - 3. Let s be t(-3). Suppose 0 = -z + s + 145. Is z composite?
False
Suppose 5*i - 1242 = 603. Suppose -2*k + 6*k = 5*c + 328, 5*k = -4*c + i. Is k a prime number?
False
Let t(r) = -r**2 + 2*r + 32. Let b be t(6). Let g(x) = 9*x**3 + x**2 + 4*x - 13. Is g(b) a prime number?
True
Let r(d) = -118*d + 9. Let h be ((-21 + (-5 - -3))*-1)/(-1). Is r(h) prime?
False
Let s(z) = 3*z**2. Let a be 1*(-4 - -1 - -2). Let d be s(a). Suppose -d*y + 364 = -29. Is y a composite number?
False
Let p(a) = -71*a**3 + 17*a**2 + 5*a - 19. Is p(-8) a composite number?
True
Let h = 18 - 3. Let y be 10/(-4)*42/h. Let u(s) = -2*s**3 - 10*s**2 + s - 4. Is u(y) composite?
True
Let m(w) = 3*w - 19. Let d be m(8). Let j(n) = 144*n + 37. Is j(d) a composite number?
False
Suppose -53 - 262 = -3*c. Suppose -5*l - 5*x + c = 0, 0 = 2*x + 3*x - 10. Is l a prime number?
True
Is 2/(10086/2521 - 4) a prime number?
True
Is (26/(-273)*1041)/((-2)/14) prime?
False
Suppose 4*g + 27 = j - 45, -5*j = -g + 1. Is g/2*(-2 - 12) a composite number?
True
Suppose 8*c = 3*c + 16995. Suppose c = 5*d - 3*b - b, 3*d - 3*b = 2040. Is d a composite number?
True
Let l(v) = 71*v**2 + v + 19. Is l(6) prime?
False
Let m = -39548 + 65325. Is m a composite number?
True
Let y = 10 - 7. Suppose -k - 12 = -4*k. Suppose 0 = -y*j + k*j - 67. Is j prime?
True
Let w(q) = 7*q**2 - 2*q - 22. Suppose -17 = -m - 3*g + 6*g, 0 = 3*g + 12. Is w(m) a prime number?
False
Let x(o) = -o**2 - 12*o - 15. Let y be x(-10). Suppose 0 = y*z + 32 + 28. Let d(c) = c**3 + 11*c**2 - 14*c + 13. Is d(z) composite?
False
Suppose -4*n = 4*s - 15272, 16*n - 15*n - 3809 = -4*s. Is n a composite number?
False
Suppose w + 3*y + 3598 = -4*w, -2*w - 2*y - 1436 = 0. Let g = 1239 + w. Is g composite?
True
Let v(j) = 2652*j**3 - 2*j**2 - 6*j + 9. Is v(2) composite?
True
Suppose 4*h + 180 = 4*z + 1924, -2*z = -h + 437. Let y = h + -250. Is y a composite number?
True
Let o = -146492 + 205931. Is o a prime number?
False
Let w(k) = 14*k + 10*k**2 - 12 - k**3 + 0 - 1. Is w(10) a prime number?
True
Suppose -51*g + 143054 - 16421 = 0. Is g composite?
True
Let w(g) = -g**2 + 9*g - 7. Let u be w(-10). Is 4 - (u - 1 - 1) a prime number?
False
Suppose 5*u = 9*u + 1964. Let w = u - -1054. Is w a prime number?
True
Let y = -68733 - -100550. Is y composite?
False
Is 14389 + 5/10 + (-77)/(-14) prime?
False
Is ((-78)/21)/(6/(-41559)) a composite number?
True
Let z(i) = -164*i. Let o be z(1). Suppose 1122 + 1087 = 5*j - f, -1307 = -3*j - 4*f. Let l = j + o. Is l prime?
True
Suppose -38424 = 8*x - 99952. Is x composite?
False
Let u(t) = -3*t - 2. Let j be u(-6). Suppose -9 = -5*p + j. Suppose p*y + 565 = 10*y. Is y composite?
False
Suppose -308 = 3*b + 676. Suppose -o - 2204 = 3*o. Let f = b - o. Is f a prime number?
True
Is 76/((-456)/(-24))*93569/4 composite?
True
Suppose 3*n - 5 = y, 3*n - 3*y = 5 + 10. Suppose n = -0*w - w + 260. Is -3 - 7/((-7)/w) prime?
True
Let x(l) = l**2 - 13*l + 22. Let q be x(11). Suppose q = -2*h + 27 + 241. Is h composite?
True
Let x(p) be the first derivative of 127*p**2 + 3*p - 8. Let w be x(-3). Is 4*w/(-12)*1 a composite number?
True
Suppose -12 = 6*v - 2*v. Let z be (-71)/(0 + -2 - v). Let j = z + 124. Is j a prime number?
True
Let n(q) = -2*q**2 + 9*q - 33. Let c be n(10). Let m be 4064/(-10) - 2/(-5). Let k = c - m. Is k composite?
False
Suppose 36*z - 162735 = -40083. Is z prime?
True
Suppose -2*j + l = -51020, 15*j = 12*j + l + 76531. Is j a composite number?
True
Let b be (1 - 142) + (-2 - 2). Let r = b + 250. Is (22/(-6))/((-5)/r) prime?
False
Is 9 - 2 - (10 + -1956 + 4) composite?
False
Let r be 3*(-2)/4*-334. Let j = r + 548. Is j composite?
False
Let c(m) = -19*m. Suppose 5*d + 14 = -11. Let g be c(d). Suppose -2*o + 7*o = g. Is o a prime number?
True
Suppose 4*b = 4*i + 28, i + 27 = 4*b + b. Suppose -3*u + b*u = 406. Is u a prime number?
False
Suppose 4*l = -0*l - 2*a + 164, 0 = l + 4*a - 41. Suppose 0 = 36*y - l*y + 13855. Is y a prime number?
False
Let m(l) = -386*l + 15. Suppose 3*k - 4*w + w + 3 = 0, w = 2*k + 6. Is m(k) a composite number?
True
Is (-186520)/(-8) + 1/((-5)/(-10)) a composite number?
True
Let i(h) = 601*h - 16. Let x(n) = -1. Let q(v) = i(v) - 3*x(v). Is q(6) a composite number?
False
Let h = 1547 - -1151. Suppose -m + 1361 = 2*k, -3*k - k - h = -2*m. Is m a composite number?
True
Let p = 629 + 1844. Suppose o = -3*n + 1896, -4*o = -3*n + p - 592. Is n prime?
True
Is 20/(-130) - (-112265)/65 composite?
True
Let x(g) = -77*g - 78. Is x(-11) composite?
False
Let u(x) = 6*x - 12. Let t be u(-6). Let c be 4*(t/1)/(-3). Let z = c + -27. Is z prime?
True
Let a(i) = 384*i - 1. Suppose 0 = p + 5*p - 12. Is a(p) a composite number?
True
Suppose -3*p = -3*a - 1290, 4*p - 677 - 1043 = 3*a. Suppose -3*v + 6 = -0*v. Suppose 2*x = -2*i - 2*i + p, -v*i - 5*x = -227. Is i a composite number?
True
Suppose 2*h - 23 = 25. Let m = 47 + h. Is (1 - (-8)/4) + m a prime number?
False
Let a(u) = u**3 - 9*u**2 - 6*u - 3. Let p be a(9). Is -1 + 1 - (2 + p)/1 a composite number?
True
Is (-2)/13 - (-14865)/39 prime?
False
Let b(y) = 2*y**3 - 15*y**2 + 4*y + 1. Let f(k) = 10 - 6 - 3*k + 6. Let j be f(0). Is b(j) a prime number?
True
Let y = 534 - 887. Let k = y + 652. Is k composite?
True
Suppose t = 3*t - 10. Suppose 0 = r + 6*o - 2*o - 13, 5*r - 17 = 4*o. Suppose j + r = 0, -3*q + 6*q = t*j + 1144. Is q a composite number?
False
Let h = 21 - 19. Suppose -u - h = -4. Suppose 5*j + 2*o = 2597, o - 357 = -u*j + 681. Is j prime?
True
Let i(d) be the second derivative of -13*d**3/3 + 19*d**2/2 - 3*d. Let p be i(-12). Suppose p = j - t, 0 = 3*t + 2*t. Is j a prime number?
True
Suppose 0*y = 3*y + 42. Let m(h) = 10*h + 2. Let i be m(y). Let a = 235 + i. Is a prime?
True
Let t(s) be the first derivative of 2*s**3/3 + 11*s**2/2 - 5*s + 8. Is t(-9) prime?
False
Let w(u) = u**3 - 2*u**2 - 15*u + 17. Let d = 18 - 11. Is w(d) prime?
True
Suppose -5*v = -3*v. Suppose v*w = 5*w - 415. Is w prime?
True
Suppose -7*i = 23 + 5. Let y be (-10 - i)*(0 - 8). Suppose -v = -23 - y. Is v a prime number?
True
Let c = 11 - 5. Suppose c*q = 8*q - 196. Suppose 719 = 5*m + 2*p, -p - 668 = -4*m - q. Is m prime?
False
Is (-1 - -360)*(-27 + 28) prime?
True
Suppose -f - 12 = -3*w - 0*w, 0 = -f - 5*w + 20. Suppose f*j = j + 3*d - 34, 4*d - 136 = -4*j. Is j composite?
True
Let d(t) = 5*t**2 - 2*t + 1. Let v be d(1). Suppose -4*k = v, -4*n + 3*k = 4*k - 7. Suppose 0 = -j + 3*j - 3*u - 257, n*j + u - 253 = 0. Is j composite?
False
Suppose -4*q - 2*q + 172734 = 0. Is q composite?
False
Suppose 6*d - 40 = 38. Suppose -10*y - 4431 = -d*y. Is y composite?
True
Let g(k) = -126*k - 5. Is g(-11) prime?
True
Suppose -v = 3*v + 12. Is (-1 - -33) + -6*v/6 composite?
True
Let v(a) = -a. Let h(b) = b. Let l(f) = -3*h(f) - 4*v(f). Let z be l(-1). Is (743 - -2) + 1 + z a prime number?
False
Suppose 17*o = 20*o. Suppose -10*d + 9*d + 1861 = o. Is d prime?
True
Let l = 8 - 8. Suppose l = -2*i - 191 + 593. Is i a prime number?
False
Let k = 8 + 12. Suppose b + 4*o = 20, 3*b + 3*o + 5 = k. Suppose s + 2*s - 339 = b. Is s composite?
False
Let o be -3 - ((-8 - -5) + -525). Is (o/2 + -2)*2 a prime number?
True
Let k be (0 - 2) + -2 + 6. Suppose 5*u + 2*s = s + 1766, 3*u - 1061 = -k*s. Is u prime?
True
Let i(a) = a**3 + 4*a**2 - 11*a + 14. Let h be i(-6). Suppose -h*y = -3*y - 1315. Is y composite?
False
Let b(f) = 4*f - 12. Let g(j) = -j + 3. Let p(i) = -4*b(i) - 18*g(i). Let u be p(4). Suppose 1015 = u*l + 73. Is l prime?
False
Let h = 36 - 29. Suppose 4*w -